{"id":24,"date":"2012-06-15T20:46:53","date_gmt":"2012-06-15T20:46:53","guid":{"rendered":"http:\/\/www.aminakindler.ch\/wp\/?page_id=24"},"modified":"2012-06-20T21:01:24","modified_gmt":"2012-06-20T21:01:24","slug":"kosten","status":"publish","type":"page","link":"http:\/\/www.aminakindler.ch\/?page_id=24","title":{"rendered":"Kosten"},"content":{"rendered":"<p>&nbsp;<\/p>\n<ul>\n<li>Einzelberatung \u00e0 45 Minuten : 80.-CHF<\/li>\n<li>Abo \u00e0 10 Beratungen kostet 750.-CHF<\/li>\n<li>Gewichtsreduktion: Das Erstgespr\u00e4ch ist unverbindlich und kostenlos.<\/li>\n<li>Familientisch: Eine Beratung mit beiden Elternteilen ist m\u00f6glich und empfehlenswert.<\/li>\n<\/ul>\n","protected":false},"excerpt":{"rendered":"<p>&nbsp; Einzelberatung \u00e0 45 Minuten : 80.-CHF Abo \u00e0 10 Beratungen kostet 750.-CHF Gewichtsreduktion: Das Erstgespr\u00e4ch ist unverbindlich und kostenlos. Familientisch: Eine Beratung mit beiden Elternteilen ist m\u00f6glich und empfehlenswert.<\/p>\n","protected":false},"author":1,"featured_media":0,"parent":0,"menu_order":0,"comment_status":"closed","ping_status":"closed","template":"","meta":[],"_links":{"self":[{"href":"http:\/\/www.aminakindler.ch\/index.php?rest_route=\/wp\/v2\/pages\/24"}],"collection":[{"href":"http:\/\/www.aminakindler.ch\/index.php?rest_route=\/wp\/v2\/pages"}],"about":[{"href":"http:\/\/www.aminakindler.ch\/index.php?rest_route=\/wp\/v2\/types\/page"}],"author":[{"embeddable":true,"href":"http:\/\/www.aminakindler.ch\/index.php?rest_route=\/wp\/v2\/users\/1"}],"replies":[{"embeddable":true,"href":"http:\/\/www.aminakindler.ch\/index.php?rest_route=%2Fwp%2Fv2%2Fcomments&post=24"}],"version-history":[{"count":4,"href":"http:\/\/www.aminakindler.ch\/index.php?rest_route=\/wp\/v2\/pages\/24\/revisions"}],"predecessor-version":[{"id":52,"href":"http:\/\/www.aminakindler.ch\/index.php?rest_route=\/wp\/v2\/pages\/24\/revisions\/52"}],"wp:attachment":[{"href":"http:\/\/www.aminakindler.ch\/index.php?rest_route=%2Fwp%2Fv2%2Fmedia&parent=24"}],"curies":[{"name":"wp","href":"https:\/\/api.w.org\/{rel}","templated":true}]}}