{"id":26,"date":"2012-06-15T20:47:09","date_gmt":"2012-06-15T20:47:09","guid":{"rendered":"http:\/\/www.aminakindler.ch\/wp\/?page_id=26"},"modified":"2012-06-26T15:37:50","modified_gmt":"2012-06-26T15:37:50","slug":"uber-mich","status":"publish","type":"page","link":"http:\/\/www.aminakindler.ch\/?page_id=26","title":{"rendered":"\u00dcber mich"},"content":{"rendered":"<p><img loading=\"lazy\" class=\"alignnone  wp-image-68\" title=\"Foto Amina Kindler\" src=\"http:\/\/www.aminakindler.ch\/wp\/wp-content\/uploads\/2012\/06\/amina_portrait_d.jpg\" alt=\"\" width=\"602\" height=\"207\" \/><\/p>\n<p>Unsere t\u00e4gliche Ern\u00e4hrung erz\u00e4hlt uns Geschichten \u00fcber unser Leben, unsere Gewohnheiten, Vorlieben und Abneigungen. Gerade deshalb soll sie einen besonderen Stellenwert erhalten und sich zu einem genussvollen Teil unseres Lebens entwickeln!<\/p>\n<p>Meine Beratung basiert auf den Empfehlungen der Schweizerischen Gesellschaft f\u00fcr Ern\u00e4hrung SGE.<\/p>\n","protected":false},"excerpt":{"rendered":"<p>Unsere t\u00e4gliche Ern\u00e4hrung erz\u00e4hlt uns Geschichten \u00fcber unser Leben, unsere Gewohnheiten, Vorlieben und Abneigungen. Gerade deshalb soll sie einen besonderen Stellenwert erhalten und sich zu einem genussvollen Teil unseres Lebens entwickeln! Meine Beratung basiert auf den Empfehlungen der Schweizerischen Gesellschaft &hellip; <a href=\"http:\/\/www.aminakindler.ch\/?page_id=26\">Continue reading <span class=\"meta-nav\">&rarr;<\/span><\/a><\/p>\n","protected":false},"author":1,"featured_media":0,"parent":0,"menu_order":0,"comment_status":"closed","ping_status":"closed","template":"","meta":[],"_links":{"self":[{"href":"http:\/\/www.aminakindler.ch\/index.php?rest_route=\/wp\/v2\/pages\/26"}],"collection":[{"href":"http:\/\/www.aminakindler.ch\/index.php?rest_route=\/wp\/v2\/pages"}],"about":[{"href":"http:\/\/www.aminakindler.ch\/index.php?rest_route=\/wp\/v2\/types\/page"}],"author":[{"embeddable":true,"href":"http:\/\/www.aminakindler.ch\/index.php?rest_route=\/wp\/v2\/users\/1"}],"replies":[{"embeddable":true,"href":"http:\/\/www.aminakindler.ch\/index.php?rest_route=%2Fwp%2Fv2%2Fcomments&post=26"}],"version-history":[{"count":23,"href":"http:\/\/www.aminakindler.ch\/index.php?rest_route=\/wp\/v2\/pages\/26\/revisions"}],"predecessor-version":[{"id":132,"href":"http:\/\/www.aminakindler.ch\/index.php?rest_route=\/wp\/v2\/pages\/26\/revisions\/132"}],"wp:attachment":[{"href":"http:\/\/www.aminakindler.ch\/index.php?rest_route=%2Fwp%2Fv2%2Fmedia&parent=26"}],"curies":[{"name":"wp","href":"https:\/\/api.w.org\/{rel}","templated":true}]}}